atest common divisor of 34 and h.
17
Let j(m) = m**3 + 3*m**2 - 3*m + 1. Let t be (0 + -14)/(10 + -8). Let v be ((-4)/t)/(4/14). Let x be j(v). Calculate the highest common factor of 135 and x.
15
Let r = 30 - 26. Suppose 0 = r*q + 8 - 64. What is the greatest common factor of 14 and q?
14
Let h be 3450/21 - (-11 - (-869)/77). Calculate the highest common divisor of h and 738.
82
Suppose 0 = t + 2*q - 6*q - 68, 2*q + 194 = 3*t. Suppose 128 = 8*f - 4*f. Calculate the highest common divisor of t and f.
32
Suppose 0 = 8*c + 438 + 50. Let v be (1/2 + -1)*262. Let m = c - v. What is the highest common divisor of 28 and m?
14
Let v(o) = o**2 - 12*o - 16. Let j be v(14). What is the greatest common divisor of j and 108?
12
Let l be -1*(-1)/(-8) + 395203/1688. Calculate the greatest common divisor of l and 858.
78
Let k be (0 - 6/9)*-15. Calculate the greatest common factor of k and 640.
10
Suppose 5*m - 760 = -3*k, -5*m - k = -6*k - 760. Let x(z) = -z**3 - 13*z**2 + 193*z - 91. Let n be x(-22). What is the highest common divisor of m and n?
19
Suppose 2*f = 2*j - 52, -f - 10 + 40 = j. Suppose -l + 2*z + j = 6*z, 3*z = 3*l - 99. Let y be (-11 - 1)*(-4)/12. What is the highest common divisor of l and y?
4
Let v = 32 + -22. Let w(k) = -k**3 + 10*k**2 + k + 7. Let g be w(v). What is the greatest common divisor of 153 and g?
17
Let a(q) = -67*q - 36. Let t be a(-4). Calculate the greatest common divisor of t and 87.
29
Suppose 4*s = -3*j + 13, -2 = -s + j - 2*j. Let p(w) = 14*w - 10. Let l be p(s). Calculate the greatest common factor of 8 and l.
8
Suppose 5*q = q + 396. Suppose -6*a + 16 = 4. Let j be -1*-11*a*3/6. Calculate the greatest common divisor of j and q.
11
Let y(d) = 7*d - 63. Let f be y(11). Let u(r) = r**3 - 4*r**2 + 5*r - 4. Let o be u(3). What is the highest common divisor of o and f?
2
Let x be (3 - (-24)/(-4))*(-3 + 0). Calculate the greatest common divisor of x and 207.
9
Let j be (-3 - 3)/(6/(-3)). What is the highest common divisor of 99 and j?
3
Suppose 12*q - 14*q = -2*m - 594, 5*q - m = 1477. What is the greatest common divisor of 15 and q?
5
Suppose 203 = -3*w + 10*w. What is the highest common factor of w and 58?
29
Let k = 22 + -19. Let l(p) = 2*p**2 - 4 + p - p**2 + p**2. Let b be l(k). Calculate the highest common factor of b and 136.
17
Let c = 36 - 32. Suppose -2*p - 5 = -c*f - 3, 20 = p + 5*f. Calculate the greatest common divisor of 50 and p.
5
Let t be (-55)/(-2)*(1 - -7). Suppose 10*n - 5*n - 400 = 0. Suppose -4*j + 0*j = -n. Calculate the highest common factor of t and j.
20
Let l(z) = z + 6. Let f be l(4). Suppose f*c - 8*c = 80. Let w = 26 - 16. What is the greatest common divisor of w and c?
10
Let d(c) = -c**2 - 7*c - 10. Let a be d(-5). Let m = a - -2. Suppose 0 = -v - m*v + 3. What is the greatest common factor of 1 and v?
1
Let d be 40/25*(3 - -7). Suppose 5*v + 5*c - 560 = 0, -5*c + 130 - 18 = v. Calculate the greatest common factor of d and v.
16
Suppose 3*x - 11 = 4*k, -4*k + 17 = 1. Let t be 2/(-4 - (-42)/x)*57. What is the greatest common factor of t and 19?
19
Suppose 5*c + 257 = 282, 18 = 2*m - 4*c. Calculate the highest common factor of m and 133.
19
Let s = 3 + 5. Let l = 3 + s. Suppose 2*k = -x + 46, -5*x + 0*k + 2*k = -218. Calculate the highest common factor of l and x.
11
Let t(h) be the third derivative of -h**5/60 + h**4/4 + 4*h**3/3 + 2*h**2. Let z be t(6). What is the greatest common divisor of 72 and z?
8
Let c(f) = 2*f**2 + 7*f - 17. Let d be c(-7). What is the highest common divisor of 392 and d?
8
Let c = -404 + 412. What is the greatest common factor of c and 60?
4
Let v be 36/((36/(-8))/3). Let c be -3*(-3 - v/(-9)). What is the highest common factor of c and 136?
17
Let j(w) = 10*w - 32. Let z be j(-4). Let p be (-406)/(-10) - z/(-120). What is the highest common divisor of 20 and p?
20
Suppose 37*n = 36*n + 1102. Calculate the greatest common divisor of 58 and n.
58
Let n = 207 - 149. Calculate the highest common divisor of n and 261.
29
Suppose 77 = 4*y - 7. Suppose 0 = 4*w - 82 - 2. What is the greatest common divisor of y and w?
21
Let g be (-2 - 0)/(-1)*-1. Let z be 67 - g/(-2 + 4). Let i(j) = -15*j - 103. Let f be i(-8). What is the highest common divisor of f and z?
17
Let l = 141 + 12. Let p = l - 76. Calculate the greatest common factor of p and 7.
7
Suppose 0 = c + 5, -g = 7*c - 10*c - 23. What is the greatest common divisor of 10 and g?
2
Let d(b) = b**3 + 18*b**2 + 1. Let j be d(-17). Calculate the greatest common factor of 20 and j.
10
Let l = -14 - -59. Let i be 7 - (-8 + (-20)/(-2)). Calculate the highest common factor of l and i.
5
Let p(d) = 2*d**2 - 1. Let y be p(-1). Let z = y + 10. Let n(x) = x**2 - 7*x + 1. Let i be n(-8). Calculate the greatest common divisor of i and z.
11
Suppose 29 = y + 3*r - 5, -42 = -y - 5*r. Let p be (22*(-2)/4)/((-2)/6). What is the greatest common factor of y and p?
11
Suppose -8 = -s + 314. Let k = -192 + s. What is the highest common divisor of 52 and k?
26
Let b(l) = l**3 + 15*l**2 + 43*l + 12. Let p be b(-8). Calculate the highest common divisor of 29 and p.
29
Suppose 1044 = 6*r - 2*r. Let l(u) = u**3 - 3*u**2 - 6*u + 9. Let d(w) = -w - 2. Let p be d(-7). Let a be l(p). What is the greatest common factor of r and a?
29
Suppose 5 = 2*h - 7. Suppose -2*t - 120 = -h*t. What is the greatest common divisor of 75 and t?
15
Let b(k) = -22*k + 9. Let c(z) = -109*z + 45. Let p(s) = -11*b(s) + 2*c(s). Let a be p(-10). Let x = 353 + a. What is the greatest common divisor of x and 13?
13
Let v = -1131 + 1162. What is the highest common divisor of v and 62?
31
Let j be (10/15)/((-2)/(-9)). Suppose q = j*q. Suppose q = -5*y + 23 + 12. Calculate the greatest common factor of 49 and y.
7
Let j(m) = m**3 + 3*m**2 - 19*m - 1. Let f be j(-6). Calculate the highest common divisor of 16 and f.
1
Suppose 3*n + 1 + 26 = 0. Let y(j) = j**3 + 12*j**2 + 9*j + 23. Let w be y(n). What is the greatest common divisor of 37 and w?
37
Let g(b) = -19*b - 2. Let a be g(2). Let x be (-146)/(-16) + 5/a. Calculate the greatest common factor of 9 and x.
9
Let v be (-4)/2 + (-69)/(-3). Let r be 6 - 37/((-666)/648). Calculate the greatest common divisor of v and r.
21
Suppose -x - 4*f - 49 = 76, 0 = 2*x - 4*f + 238. Let h = x - -209. What is the greatest common factor of 11 and h?
11
Let a be ((-2)/6)/((-59)/3186). Calculate the highest common divisor of a and 9.
9
Suppose 2*i - 230 = 3*j - 244, 4*j + 3*i = -4. Calculate the highest common divisor of j and 49.
1
Let b be (-123)/(-9) - -6*(-8)/(-144). Calculate the highest common factor of 91 and b.
7
Let j be (-4 - -2) + (32 - 0). Let o be 80 - (-6 - -10) - 1. What is the highest common factor of j and o?
15
Suppose 0 = 6*l - 4*l. Let g be (-3)/(9/84)*(l - 1). Calculate the greatest common factor of g and 4.
4
Suppose -3457 - 1119 = -13*o. Calculate the highest common factor of 32 and o.
32
Let t be (4 - 13)/((-3)/(-2)). Let d be (1 + 3/t)*12. What is the greatest common divisor of d and 1?
1
Suppose 0*u - 8*u = -72. Let f be (-282)/(-54) - 2/u. Calculate the greatest common divisor of f and 55.
5
Let u = -28 - -64. Suppose s + 88 = 5*s. Let h = u - s. What is the highest common factor of 126 and h?
14
Let c(h) = -h**3 - 3*h**2 - h + 1. Let o be c(-4). Let a(t) = -t**3 + 20*t**2 + 22*t - 3. Let j be a(o). Calculate the highest common factor of j and 36.
18
Let v be 2/(3*3/45). Suppose 0 = a - 5*i - 25, -6*i + 4*i - 49 = -3*a. Suppose -100 = v*k - a*k. Calculate the greatest common divisor of 30 and k.
10
Let f = -79 - -123. Suppose 4*m - 4*a - 32 - 32 = 0, -2*a = 3*m - 48. Let v be 17 - m - (-3 + 0). What is the highest common divisor of v and f?
4
Let r be 36*((-12)/24)/((-3)/4). Let g(o) = o - 21. Let w be g(r). Suppose u + 5*y - 2 = -6, -5*y - 34 = -4*u. Calculate the highest common divisor of u and w.
3
Suppose 0 = 3*r + 3, -3*r = -2*g - 62 + 175. Let m be (g/(1 - 6))/(-1). Calculate the greatest common factor of m and 11.
11
Let m(k) = -7*k**2 - 10*k - 7. Let a be m(-6). Let p = a - -367. What is the greatest common factor of 21 and p?
21
Suppose 0 = 2*m - 11 - 85. Calculate the greatest common factor of 32 and m.
16
Let r(t) = t**2 + 28. Let g be r(0). Let c be -3*(0 - g/6). Suppose -180 = -4*m + 5*n + 8, -m + 38 = 